st common divisor of 3822 and 340954887?
1911
Calculate the greatest common factor of 9891767 and 30007.
811
Calculate the greatest common divisor of 34225575 and 3050.
1525
Calculate the greatest common divisor of 378788 and 561779.
337
What is the highest common divisor of 96480 and 2257020?
180
Calculate the highest common divisor of 9311507 and 661.
661
Calculate the greatest common factor of 6968 and 4843832.
536
What is the greatest common factor of 1392 and 2007090?
174
Calculate the greatest common divisor of 12 and 1904944416.
12
Calculate the highest common divisor of 1230823570 and 10.
10
What is the greatest common factor of 343895282 and 10034?
10034
What is the greatest common divisor of 5017846 and 248?
62
What is the highest common factor of 463 and 950901529?
463
What is the highest common factor of 13150 and 54?
2
Calculate the highest common factor of 2686963801 and 4201.
4201
Calculate the highest common divisor of 1516335 and 345.
15
What is the highest common divisor of 1982498 and 46487?
203
What is the highest common factor of 107 and 398034329?
107
What is the highest common divisor of 215940 and 2445?
15
What is the highest common divisor of 111437 and 8883?
47
What is the highest common factor of 5404 and 5813353?
1351
Calculate the greatest common factor of 64 and 33396416.
64
Calculate the greatest common divisor of 295263 and 122589.
477
Calculate the greatest common divisor of 231395564 and 4.
4
Calculate the greatest common factor of 165212 and 31621.
103
Calculate the greatest common factor of 780 and 25877670.
390
Calculate the greatest common divisor of 880859 and 265734.
4921
Calculate the greatest common factor of 1582095 and 174.
87
Calculate the highest common factor of 64 and 19426688.
64
Calculate the highest common divisor of 266076 and 98478.
18
Calculate the highest common factor of 54 and 150019290.
54
What is the greatest common divisor of 165300726 and 62958?
8994
What is the highest common divisor of 10601415 and 150282?
3267
Calculate the highest common divisor of 18116653 and 2.
1
What is the greatest common factor of 57 and 16592871?
57
What is the greatest common factor of 1909 and 666075?
83
What is the highest common divisor of 130 and 143610?
10
Calculate the highest common divisor of 1922528 and 39712.
2336
What is the highest common divisor of 4128 and 164448?
96
What is the highest common factor of 2884 and 155478603?
721
Calculate the highest common factor of 102200130 and 20.
10
Calculate the highest common factor of 16280 and 942040.
440
What is the greatest common factor of 1920 and 59064960?
1920
Calculate the greatest common divisor of 187502 and 14042.
826
What is the highest common factor of 3258 and 121934994?
1086
What is the greatest common divisor of 40655196 and 2864?
716
Calculate the greatest common factor of 99759944 and 680.
136
Calculate the highest common factor of 6304 and 1940647.
197
Calculate the greatest common divisor of 443 and 55473346.
443
Calculate the greatest common divisor of 2876 and 601144396.
2876
What is the highest common factor of 10854 and 542432?
134
What is the highest common divisor of 6962301 and 54?
27
Calculate the highest common divisor of 26 and 1208659322.
26
What is the highest common divisor of 9967064 and 124?
4
What is the greatest common factor of 121389 and 13217286?
2823
What is the greatest common factor of 64 and 179481056?
32
What is the highest common divisor of 443447 and 246053?
197
What is the highest common factor of 10185385 and 51450?
1715
Calculate the greatest common factor of 10839433 and 55.
11
Calculate the greatest common divisor of 3334 and 364729598.
3334
What is the greatest common divisor of 96368 and 111568?
304
What is the greatest common factor of 4 and 30858325?
1
Calculate the highest common factor of 6730465 and 19544.
2443
What is the greatest common factor of 11228633 and 231569?
4927
What is the greatest common factor of 2029655 and 154125?
685
What is the greatest common divisor of 1711598 and 258118?
2506
What is the highest common divisor of 2395152 and 192?
48
Calculate the highest common divisor of 2183 and 15377237.
37
Calculate the greatest common divisor of 55 and 6414518.
11
Calculate the greatest common divisor of 275334 and 186.
6
Calculate the highest common divisor of 140 and 99605835.
35
Calculate the highest common divisor of 360792 and 2088.
72
What is the greatest common factor of 27251 and 2258467?
17
What is the highest common divisor of 6230 and 56197715?
3115
Calculate the highest common factor of 18424071 and 216.
27
Calculate the greatest common divisor of 35490 and 1727355.
105
What is the greatest common factor of 4516183 and 235?
47
Calculate the highest common factor of 354 and 364332.
6
Calculate the highest common factor of 5968 and 33298829.
373
What is the highest common factor of 3991367 and 19449?
2161
Calculate the greatest common divisor of 18992 and 309807.
1187
Calculate the greatest common factor of 4251 and 465816.
39
Calculate the greatest common divisor of 90 and 11995326.
18
What is the greatest common divisor of 7602 and 515088714?
7602
Calculate the highest common factor of 179 and 1577348.
179
What is the greatest common divisor of 20 and 131606150?
10
Calculate the greatest common factor of 25440550 and 75.
25
What is the highest common factor of 28896668 and 547553?
17663
Calculate the greatest common divisor of 1469 and 11926133.
113
Calculate the greatest common factor of 224 and 5193496.
56
What is the highest common divisor of 275063 and 3622939?
589
Calculate the highest common factor of 1010369329 and 62.
31
Calculate the greatest common factor of 17459 and 5978167.
1027
Calculate the greatest common divisor of 4771216 and 1144.
8
What is the greatest common factor of 45 and 11205840?
15
What is the greatest common divisor of 2440 and 1827560?
2440
What is the greatest common factor of 15379 and 5383?
7
What is the greatest common factor of 4235903 and 61376?
959
Calculate the highest common factor of 511739 and 136.
1
What is the highest common factor of 20314515 and 390?
195
What is the highest common divisor of 35789 and 87581?
13
Calculate the greatest common divisor of 238 and 17312817.
17
What is the greatest common factor of 9776791 and 17790?
593
What is the highest common divisor of 237838390 and 11590?
11590
What is the greatest common divisor of 187486175 and 6625?
1325
Calculate the highest common factor of 9230101 and 274.
137
Calculate the greatest common factor of 8350285 and 30.
5
What is the highest common divisor of 1239212 and 364?
52
What is the greatest common divisor of 126 and 282359808?
18
What is the highest common divisor of 82949250 and 19000?
4750
What is the greatest common divisor of 19750 and 56248?
158
What is the greatest common divisor of 3231536 and 38786?
946
What is the greatest common divisor of 26040624 and 10509?
339
Calculate the highest common divisor of 162673801 and 7049.
1007
Calculate the highest common divisor of 105782419 and 164.
41
What is the highest common factor of 664495380 and 540?
540
Calculate the highest common factor of 498 and 8805198.
6
Calculate the highest common factor of 70407 and 248832.
9
What is the highest common factor of 13482 and 3632958?
126
Calculate the highest common factor of 261670 and 284960.
1370
What is the greatest common divisor of 70873 and 631312?
187
Calculate the highest common factor of 81 and 14548173.
3
What is the highest common factor of 89669477 and 2936?
367
What is the highest common divisor of 78968 and 43712?
8
Calculate the greatest common divisor of 109678 and 1426.
62
Calculate the highest common factor of 1146 and 49707750.
1146
What is the greatest common divisor of 76440 and 182180040?
5880
What is the greatest common factor of 1120 and 56283040?
160
What is the greatest common divisor of 410 and 46500?
10
Calculate the greatest common divisor of 38 and 25855371.
19
What is the greatest common factor of 1117034 and 19412?
422
What is the greatest common factor of 5344 and 73032440?
1336
What is the highest common factor of 104004 and 270282?
642
What is the highest common divisor of 1508192 and 21728?
224
Calculate the highest common divisor of 5